{"id":31,"date":"2015-06-24T16:01:07","date_gmt":"2015-06-24T22:01:07","guid":{"rendered":"http:\/\/www.chocolateradehonduras.com\/?page_id=31"},"modified":"2015-10-21T14:44:50","modified_gmt":"2015-10-21T20:44:50","slug":"contactos","status":"publish","type":"page","link":"https:\/\/www.chocolateradehonduras.com\/?page_id=31","title":{"rendered":"Contactos"},"content":{"rendered":"<div data-test='contact-form' id='contact-form-31' class='wp-block-jetpack-contact-form-container '>\n<form action='https:\/\/www.chocolateradehonduras.com\/?page_id=31#contact-form-31' method='post' class='contact-form commentsblock'>\n<script>\n\t\t\t( function () {\n\t\t\t\tconst contact_forms = document.getElementsByClassName('contact-form');\n\n\t\t\t\tfor ( const form of contact_forms ) {\n\t\t\t\t\tform.onsubmit = function() {\n\t\t\t\t\t\tconst buttons = form.getElementsByTagName('button');\n\n\t\t\t\t\t\tfor( const button of buttons ) {\n\t\t\t\t\t\t\tbutton.setAttribute('disabled', true);\n\t\t\t\t\t\t}\n\t\t\t\t\t}\n\t\t\t\t}\n\t\t\t} )();\n\t\t<\/script>\n<div style=\"\" class='grunion-field-name-wrap grunion-field-wrap'  >\n<label\n\t\t\t\tfor='g31-nombre'\n\t\t\t\tclass='grunion-field-label name'>Nombre<span class=\"grunion-label-required\">(obligatorio)<\/span><\/label>\n<input\n\t\t\t\t\ttype='text'\n\t\t\t\t\tname='g31-nombre'\n\t\t\t\t\tid='g31-nombre'\n\t\t\t\t\tvalue=''\n\t\t\t\t\tclass='name  grunion-field' \n\t\t\t\t\trequired aria-required='true' \/>\n\t<\/div>\n\n<div style=\"\" class='grunion-field-email-wrap grunion-field-wrap'  >\n<label\n\t\t\t\tfor='g31-correoelectrnico'\n\t\t\t\tclass='grunion-field-label email'>Correo electr\u00f3nico<span class=\"grunion-label-required\">(obligatorio)<\/span><\/label>\n<input\n\t\t\t\t\ttype='email'\n\t\t\t\t\tname='g31-correoelectrnico'\n\t\t\t\t\tid='g31-correoelectrnico'\n\t\t\t\t\tvalue=''\n\t\t\t\t\tclass='email  grunion-field' \n\t\t\t\t\trequired aria-required='true' \/>\n\t<\/div>\n\n<div style=\"\" class='grunion-field-textarea-wrap grunion-field-wrap'  >\n<label\n\t\t\t\tfor='contact-form-comment-g31-comentario'\n\t\t\t\tclass='grunion-field-label textarea'>Comentario<span class=\"grunion-label-required\">(obligatorio)<\/span><\/label>\n<textarea\n\t\t                style=''\n\t\t                name='g31-comentario'\n\t\t                id='contact-form-comment-g31-comentario'\n\t\t                rows='20' class='textarea  grunion-field'  required aria-required='true'><\/textarea>\n\t<\/div>\n\t<p class='contact-submit'>\n\t\t<button type='submit' class='pushbutton-wide'>Enviar<\/button>\t\t<input type='hidden' name='contact-form-id' value='31' \/>\n\t\t<input type='hidden' name='action' value='grunion-contact-form' \/>\n\t\t<input type='hidden' name='contact-form-hash' value='6290f6f00093955e7ca798123b009d339d35a9c2' \/>\n\t<\/p>\n<p style=\"display: none !important;\"><label>&#916;<textarea name=\"ak_hp_textarea\" cols=\"45\" rows=\"8\" maxlength=\"100\"><\/textarea><\/label><input type=\"hidden\" id=\"ak_js_1\" name=\"ak_js\" value=\"75\"\/><script>document.getElementById( \"ak_js_1\" ).setAttribute( \"value\", ( new Date() ).getTime() );<\/script><\/p><\/form>\n<\/div>\n<p>Gracias por el inter\u00e9s en nuestros productos, env\u00edanos un mensaje mediante el formulario oficial,\u00a0con gusto nos pondremos en contacto.<\/p>\n<p>Industria Chocolatera de Honduras S.A. de C.V<\/p>\n<p>San Pedro Sula, Honduras.<\/p>\n","protected":false},"excerpt":{"rendered":"<p>Gracias por el inter\u00e9s en nuestros productos, env\u00edanos un mensaje mediante el formulario oficial,\u00a0con gusto nos pondremos en contacto. Industria Chocolatera de Honduras S.A. de C.V San Pedro Sula, Honduras. <a class=\"continue-reading-link\" href=\"https:\/\/www.chocolateradehonduras.com\/?page_id=31\"> Continue reading<\/a><\/p>\n","protected":false},"author":1,"featured_media":0,"parent":0,"menu_order":1,"comment_status":"open","ping_status":"open","template":"","meta":{"jetpack_post_was_ever_published":false,"footnotes":""},"class_list":["post-31","page","type-page","status-publish","hentry"],"jetpack_sharing_enabled":true,"jetpack_shortlink":"https:\/\/wp.me\/P6nYsI-v","jetpack-related-posts":[{"id":19,"url":"https:\/\/www.chocolateradehonduras.com\/?page_id=19","url_meta":{"origin":31,"position":0},"title":"Nuestra Historia","author":"info@musicadelsol.com","date":"24\/06\/2015","format":false,"excerpt":"COMO NACE INDUSTRIA CHOCOLATERA DE HONDURAS INDUSTRIA CHOCOLATERA DE HONDURAS nace en el\u00a0\u00a02009, una de sus fundadoras ONDINA DUB\u00d3N, despu\u00e9s de trabajar por 23 a\u00f1os en una prestigiosa empresa de la ciudad de San Pedro Sula, se ve afectada por un recorte de personal debido a cambios estructurales que la\u2026","rel":"","context":"Entrada similar","block_context":{"text":"Entrada similar","link":""},"img":{"alt_text":"cover1","src":"https:\/\/i0.wp.com\/www.chocolateradehonduras.com\/wp-content\/uploads\/2015\/06\/cover1.png?resize=350%2C200","width":350,"height":200,"srcset":"https:\/\/i0.wp.com\/www.chocolateradehonduras.com\/wp-content\/uploads\/2015\/06\/cover1.png?resize=350%2C200 1x, https:\/\/i0.wp.com\/www.chocolateradehonduras.com\/wp-content\/uploads\/2015\/06\/cover1.png?resize=525%2C300 1.5x, https:\/\/i0.wp.com\/www.chocolateradehonduras.com\/wp-content\/uploads\/2015\/06\/cover1.png?resize=700%2C400 2x"},"classes":[]}],"_links":{"self":[{"href":"https:\/\/www.chocolateradehonduras.com\/index.php?rest_route=\/wp\/v2\/pages\/31","targetHints":{"allow":["GET"]}}],"collection":[{"href":"https:\/\/www.chocolateradehonduras.com\/index.php?rest_route=\/wp\/v2\/pages"}],"about":[{"href":"https:\/\/www.chocolateradehonduras.com\/index.php?rest_route=\/wp\/v2\/types\/page"}],"author":[{"embeddable":true,"href":"https:\/\/www.chocolateradehonduras.com\/index.php?rest_route=\/wp\/v2\/users\/1"}],"replies":[{"embeddable":true,"href":"https:\/\/www.chocolateradehonduras.com\/index.php?rest_route=%2Fwp%2Fv2%2Fcomments&post=31"}],"version-history":[{"count":4,"href":"https:\/\/www.chocolateradehonduras.com\/index.php?rest_route=\/wp\/v2\/pages\/31\/revisions"}],"predecessor-version":[{"id":57,"href":"https:\/\/www.chocolateradehonduras.com\/index.php?rest_route=\/wp\/v2\/pages\/31\/revisions\/57"}],"wp:attachment":[{"href":"https:\/\/www.chocolateradehonduras.com\/index.php?rest_route=%2Fwp%2Fv2%2Fmedia&parent=31"}],"curies":[{"name":"wp","href":"https:\/\/api.w.org\/{rel}","templated":true}]}}